late the remainder when 4436 is divided by 51.
50
What is the remainder when 3576 is divided by 15?
6
What is the remainder when 129 is divided by 13?
12
Calculate the remainder when 347 is divided by 58.
57
What is the remainder when 61 is divided by 33?
28
Calculate the remainder when 59 is divided by 42.
17
What is the remainder when 164 is divided by 125?
39
Calculate the remainder when 86 is divided by 9.
5
What is the remainder when 22567 is divided by 8?
7
Calculate the remainder when 61 is divided by 18.
7
Calculate the remainder when 114 is divided by 59.
55
Calculate the remainder when 6 is divided by 4.
2
What is the remainder when 610 is divided by 128?
98
What is the remainder when 134 is divided by 70?
64
Calculate the remainder when 1918 is divided by 72.
46
Calculate the remainder when 35 is divided by 11.
2
Calculate the remainder when 199 is divided by 17.
12
What is the remainder when 448 is divided by 87?
13
Calculate the remainder when 4562 is divided by 379.
14
What is the remainder when 9475 is divided by 206?
205
What is the remainder when 249 is divided by 10?
9
What is the remainder when 523 is divided by 40?
3
Calculate the remainder when 541 is divided by 272.
269
Calculate the remainder when 178 is divided by 56.
10
What is the remainder when 1167 is divided by 16?
15
Calculate the remainder when 294 is divided by 27.
24
What is the remainder when 143 is divided by 50?
43
Calculate the remainder when 149 is divided by 57.
35
Calculate the remainder when 136 is divided by 8.
0
Calculate the remainder when 555 is divided by 155.
90
What is the remainder when 108 is divided by 61?
47
What is the remainder when 473 is divided by 32?
25
What is the remainder when 236 is divided by 14?
12
What is the remainder when 546 is divided by 9?
6
What is the remainder when 263 is divided by 57?
35
What is the remainder when 39 is divided by 15?
9
What is the remainder when 752 is divided by 151?
148
What is the remainder when 59 is divided by 53?
6
What is the remainder when 604 is divided by 295?
14
What is the remainder when 509 is divided by 58?
45
What is the remainder when 7214 is divided by 7?
4
Calculate the remainder when 86 is divided by 8.
6
What is the remainder when 3497 is divided by 12?
5
Calculate the remainder when 90 is divided by 82.
8
What is the remainder when 454 is divided by 38?
36
What is the remainder when 168 is divided by 30?
18
Calculate the remainder when 80 is divided by 70.
10
What is the remainder when 4187 is divided by 2089?
9
Calculate the remainder when 2354 is divided by 3.
2
Calculate the remainder when 8095 is divided by 404.
15
What is the remainder when 15 is divided by 2?
1
What is the remainder when 271 is divided by 54?
1
Calculate the remainder when 1013 is divided by 32.
21
Calculate the remainder when 162 is divided by 35.
22
Calculate the remainder when 74 is divided by 13.
9
What is the remainder when 2500 is divided by 7?
1
What is the remainder when 1620 is divided by 16?
4
Calculate the remainder when 4296 is divided by 23.
18
What is the remainder when 227 is divided by 46?
43
What is the remainder when 301 is divided by 198?
103
What is the remainder when 2719 is divided by 136?
135
What is the remainder when 75 is divided by 7?
5
What is the remainder when 235 is divided by 8?
3
Calculate the remainder when 364 is divided by 61.
59
Calculate the remainder when 2442 is divided by 621.
579
Calculate the remainder when 2425 is divided by 7.
3
What is the remainder when 6690 is divided by 160?
130
Calculate the remainder when 1522 is divided by 318.
250
What is the remainder when 1981 is divided by 8?
5
What is the remainder when 1746 is divided by 28?
10
What is the remainder when 3 is divided by 3?
0
What is the remainder when 591 is divided by 205?
181
Calculate the remainder when 944 is divided by 35.
34
Calculate the remainder when 908 is divided by 54.
44
Calculate the remainder when 375 is divided by 76.
71
Calculate the remainder when 388 is divided by 19.
8
Calculate the remainder when 1620 is divided by 537.
9
What is the remainder when 146 is divided by 30?
26
What is the remainder when 232 is divided by 56?
8
What is the remainder when 1791 is divided by 24?
15
What is the remainder when 3134 is divided by 131?
121
Calculate the remainder when 159 is divided by 23.
21
Calculate the remainder when 55 is divided by 25.
5
Calculate the remainder when 1072 is divided by 218.
200
Calculate the remainder when 759 is divided by 163.
107
Calculate the remainder when 127 is divided by 22.
17
What is the remainder when 103 is divided by 23?
11
Calculate the remainder when 1488 is divided by 501.
486
Calculate the remainder when 691 is divided by 99.
97
Calculate the remainder when 169 is divided by 10.
9
What is the remainder when 2413 is divided by 142?
141
Calculate the remainder when 286 is divided by 48.
46
What is the remainder when 19 is divided by 4?
3
Calculate the remainder when 228 is divided by 34.
24
What is the remainder when 294 is divided by 107?
80
Calculate the remainder when 60 is divided by 8.
4
Calculate the remainder when 154 is divided by 51.
1
Calculate the remainder when 1947 is divided by 5.
2
What is the remainder when 70 is divided by 11?
4
What is the remainder when 203 is divided by 59?
26
Calculate the remainder when 135 is divided by 77.
58
What is the remainder when 115 is divided by 31?
22
Calculate the remainder when 2637 is divided by 20.
17
What is the remainder when 191 is divided by 24?
23
What is the remainder when 629 is divided by 14?
13
What is the remainder when 371 is divided by 14?
7
What is the remainder when 213 is divided by 54?
51
Calculate the remainder when 41 is divided by 18.
5
What is the remainder when 390 is divided by 96?
6
What is the remainder when 3970 is divided by 31?
2
What is the remainder when 1921 is divided by 241?
234
What is the remainder when 369 is divided by 12?
9
Calculate the remainder when 621 is divided by 4.
1
Calculate the remainder when 201 is divided by 12.
9
Calculate the remainder when 22971 is divided by 16.
11
What is the remainder when 338 is divided by 43?
37
What is the remainder when 2875 is divided by 9?
4
Calculate the remainder when 338 is divided by 193.
145
Calculate the remainder when 3493 is divided by 92.
89
Calculate the remainder when 935 is divided by 78.
77
Calculate the remainder when 89 is divided by 8.
1
Calculate the remainder when 1751 is divided by 24.
23
Calculate the remainder when 3181 is divided by 288.
13
What is the remainder when 31549 is divided by 58?
55
Calculate the remainder when 627 is divided by 126.
123
What is the remainder when 1525 is divided by 127?
1
What is the remainder when 495 is divided by 71?
69
What is the remainder when 79 is divided by 69?
10
What is the remainder when 1081 is divided by 41?
15
What is the remainder when 583 is divided by 42?
37
What is the remainder when 128 is divided by 66?
62
What is the remainder when 122 is divided by 33?
23
What is the remainder when 54 is divided by 16?
6
Calculate the remainder when 129 is divided by 13.
12
What is the remainder when 742 is divided by 97?
63
Calculate the remainder when 2281 is divided by 222.
61
Calculate the remainder when 648 is divided by 191.
75
Calculate the remainder when 275 is divided by 69.
68
Calculate the remainder when 1130 is divided by 65.
25
What is the remainder when 111 is divided by 42?
27
Calculate the remainder when 100 is divided by 42.
16
What is the remainder when 1830 is divided by 47?
44
Calculate the remainder when 1097 is divided by 50.
47
What is the remainder when 442 is divided by 124?
70
Calculate the remainder when 850 is divided by 39.
31
What is the remainder when 74 is divided by 39?
35
What is the remainder when 202 is divided by 53?
43
What is the remainder when 205 is divided by 52?
49
What is the remainder when 844 is divided by 399?
46
What is the remainder when 193 is divided by 171?
22
Calculate the remainder when 4159 is divided by 99.
1
What is the remainder when 40 is divided by 15?
10
What is the remainder when 546 is divided by 139?
129
Calculate the remainder when 1293 is divided by 400.
93
What is the remainder when 14882 is divided